or of 66681984 and 480.
96
Calculate the greatest common factor of 86 and 323434.
2
Calculate the highest common divisor of 10942964 and 4102.
586
Calculate the greatest common factor of 569 and 1196946124.
569
What is the greatest common divisor of 34550416 and 736?
368
What is the highest common factor of 758 and 2441?
1
Calculate the greatest common divisor of 1219 and 5726034.
23
Calculate the highest common divisor of 314 and 50852771.
157
What is the highest common divisor of 280704 and 6630?
102
What is the greatest common factor of 3540 and 2811180?
60
Calculate the highest common divisor of 3900 and 19884.
12
What is the highest common divisor of 496 and 59595392?
496
What is the highest common factor of 7453917 and 18456?
2307
Calculate the highest common divisor of 59535260 and 870.
290
What is the greatest common factor of 14540 and 3266411?
727
Calculate the highest common divisor of 45 and 1278126.
9
What is the highest common divisor of 99 and 6813840?
33
What is the greatest common factor of 15 and 328598835?
15
Calculate the highest common divisor of 12584702 and 130.
26
Calculate the greatest common divisor of 41301 and 62834.
353
Calculate the greatest common factor of 10787859 and 288.
9
What is the greatest common divisor of 236938473 and 27?
27
What is the greatest common divisor of 9213 and 8029?
37
What is the greatest common divisor of 5297032 and 4030?
806
What is the highest common factor of 2303 and 3762612?
49
What is the highest common divisor of 3420907 and 63?
7
Calculate the greatest common factor of 18591339 and 39.
39
Calculate the highest common divisor of 31365 and 123126444.
6273
What is the greatest common factor of 9581 and 2199208?
737
Calculate the highest common divisor of 257881 and 860639.
3107
What is the highest common factor of 171 and 23696667?
171
What is the highest common divisor of 1639 and 285974359?
1639
What is the highest common factor of 15015240 and 27?
27
Calculate the highest common divisor of 126678 and 490509.
1473
Calculate the greatest common factor of 19826684 and 44172.
1636
What is the highest common divisor of 45 and 492615?
45
What is the highest common divisor of 23 and 2470039?
23
Calculate the highest common divisor of 336 and 1371408.
48
Calculate the highest common factor of 8 and 31939096.
8
What is the highest common factor of 23777 and 46822400?
1829
What is the highest common factor of 404926 and 967779?
293
Calculate the highest common divisor of 1326720 and 758718.
4146
What is the highest common divisor of 1350430 and 2525?
5
What is the greatest common divisor of 1216 and 399834632?
152
What is the greatest common divisor of 109 and 99829721?
109
Calculate the highest common divisor of 68457 and 462327.
57
What is the greatest common divisor of 12055 and 1618456080?
12055
What is the highest common divisor of 8590179 and 458381?
5953
Calculate the highest common divisor of 4022942 and 179690.
2114
What is the highest common divisor of 4 and 4523228?
4
What is the greatest common factor of 2467382 and 37?
37
Calculate the greatest common factor of 39839391 and 38259.
2943
Calculate the highest common factor of 3897300 and 18480.
660
Calculate the highest common factor of 4693932 and 4140.
828
What is the greatest common factor of 83267874 and 203?
29
Calculate the greatest common divisor of 418744128 and 3972.
3972
Calculate the greatest common factor of 123675876 and 459.
27
Calculate the highest common divisor of 133475 and 138475.
25
Calculate the highest common divisor of 1392 and 30416.
16
What is the highest common divisor of 252 and 16257339?
63
What is the highest common factor of 42608738 and 118?
118
Calculate the greatest common divisor of 2726 and 2550596.
94
What is the greatest common factor of 6256 and 634032?
272
Calculate the greatest common factor of 49882880 and 10.
10
Calculate the greatest common divisor of 5268157 and 17504.
547
Calculate the greatest common factor of 6016 and 25008.
16
What is the greatest common factor of 13830 and 38655?
15
Calculate the highest common factor of 2208 and 1157856.
96
Calculate the highest common divisor of 4158 and 4112041626.
4158
What is the greatest common factor of 1440 and 13201140?
60
What is the highest common factor of 2606 and 20425828?
2606
What is the greatest common factor of 4865103 and 33777?
243
What is the greatest common factor of 14621845 and 1225?
245
What is the greatest common divisor of 358772 and 27756?
1028
What is the highest common factor of 55 and 2982485?
55
What is the greatest common divisor of 10 and 14119048?
2
Calculate the highest common factor of 125118270 and 2430.
2430
What is the highest common divisor of 462 and 311590202?
154
What is the highest common divisor of 267 and 1121153559?
267
What is the greatest common factor of 1445976 and 4956?
84
Calculate the highest common divisor of 2616 and 666426.
654
Calculate the highest common divisor of 194940 and 46740.
1140
What is the highest common divisor of 4394 and 180019983?
2197
Calculate the highest common factor of 40 and 3028123160.
40
Calculate the highest common factor of 2852 and 821836.
92
Calculate the greatest common factor of 69223 and 335269.
319
Calculate the highest common factor of 105073 and 21.
1
What is the greatest common factor of 426329 and 157441?
1769
Calculate the greatest common divisor of 45912755 and 335.
335
Calculate the greatest common divisor of 10314 and 664651350.
3438
Calculate the highest common divisor of 8071644 and 1164758.
4298
What is the greatest common divisor of 31897324 and 1964?
1964
What is the greatest common factor of 38 and 4652012?
2
What is the greatest common factor of 4998074 and 4?
2
What is the greatest common factor of 54632 and 46?
2
What is the highest common factor of 19062560 and 23584?
352
What is the highest common factor of 20 and 148924356?
4
Calculate the highest common divisor of 26631614 and 791.
113
What is the highest common divisor of 8815524 and 1776?
12
Calculate the highest common divisor of 1580 and 68098790.
790
Calculate the highest common factor of 26440 and 721151.
661
Calculate the highest common factor of 1507952 and 1975.
79
Calculate the greatest common divisor of 205625 and 35.
35
Calculate the greatest common divisor of 120 and 15999528.
24
Calculate the highest common divisor of 61882872 and 6.
6
What is the highest common factor of 36 and 38913000?
12
Calculate the highest common factor of 44653518 and 117.
117
What is the greatest common divisor of 142663 and 104407?
797
Calculate the highest common divisor of 65 and 33375355.
65
What is the highest common divisor of 1697232 and 33744?
912
Calculate the greatest common factor of 4 and 1740524.
4
Calculate the highest common factor of 266 and 14075222.
14
What is the greatest common factor of 1932941 and 92971?
389
What is the greatest common factor of 667 and 5410762?
29
What is the highest common factor of 49816074 and 1782?
66
Calculate the greatest common factor of 11 and 48193013.
11
Calculate the greatest common factor of 2464784498 and 614.
614
Calculate the greatest common divisor of 64715265 and 90.
45
Calculate the highest common divisor of 14352 and 91406991.
897
Calculate the highest common divisor of 1680 and 10165260.
420
Calculate the greatest common divisor of 364 and 174104.
28
Calculate the highest common divisor of 15211 and 704529.
371
Calculate the highest common divisor of 106076198 and 206.
206
What is the highest common factor of 13572 and 547326?
234
What is the highest common divisor of 1577261 and 392?
49
Calculate the greatest common divisor of 567216 and 1080599.
1313
Calculate the greatest common divisor of 80083 and 797808.
1511
Calculate the greatest common factor of 2740 and 24796.
4
What is the highest common divisor of 2240 and 1270900?
20
Calculate the greatest common divisor of 8994804 and 2028.
156
What is the greatest common divisor of 1832294 and 135422?
34
What is the greatest common divisor of 13311958 and 534314?
3278
Calculate the highest common divisor of 2295 and 485485218.
459
Calculate the greatest common factor of 9152 and 469722.
22
Calculate the highest common factor of 9295005 and 15.
15
Calculate the highest common factor of 76